 Let r(w) = 11*v(w) - 6*z(w). Calculate r(o).
-5
Let p(m) = 4*m**3 + 4*m**2 + 3*m. Let b be -10 + (6 - -1) - -1. Calculate p(b).
-22
Suppose 0 = -2*q - 0*q + 16. Let f(y) = -8*y**2 + 22*y - 9. Let w(g) = 3*g**2 - 10*g + 1. Let z(n) = -f(n) - 3*w(n). What is z(q)?
6
Let t(g) = 7*g**2 + 6*g + 2*g**2 + 4*g**2 - 12*g**2. Give t(-3).
-9
Let c(s) = s**2 + 69 - 381*s + 2*s**2 - 54 + 366*s. Calculate c(5).
15
Let k = 4 + -5. Let r(x) be the second derivative of -x**3/6 - x**2 + 2*x + 193. What is r(k)?
-1
Let i(c) = 6*c**2 + 4 + 5 - c - 2 - 8. Let l be -4 - (-8 - -4) - 1. Give i(l).
6
Let r(w) = -w**3 + 5*w**2 - 4*w + 2. Let j = -8 - -12. Let a be (j/8)/(1/6). Give r(a).
8
Let d(u) be the first derivative of -u**2/2 + 12*u - 2. Give d(0).
12
Let r(v) = v**2 - 8*v - 8. Suppose 104 = -f + 14*f. Give r(f).
-8
Let m(l) = 5*l + 8. Let f(h) = -5*h - 17 - 6*h + 0*h. Let k(a) = -6*f(a) - 13*m(a). Calculate k(-3).
-5
Let l be 6*(16/(-6) - -2). Suppose -3*g - 7 = 4*r, 0*g + 2*r + 3 = -g. Let z(v) = v + 1. Let a(b) = -9*b - 5. Let k(m) = g*a(m) - 6*z(m). What is k(l)?
-13
Let h(v) = -25*v**2 - 18*v + 13. Let q(m) = -9*m**2 - 6*m + 5. Let s(i) = 4*h(i) - 11*q(i). Let c(t) = 7*t + 1. Let y be c(-1). Calculate s(y).
-3
Let z(v) = -v - 9. Let p(q) = 11*q**3 - q**2 - 6*q + 10. Let j(r) = -5*r**3 + 3*r - 5. Let x(m) = -9*j(m) - 4*p(m). Let o be x(-5). Determine z(o).
-4
Let g(b) be the third derivative of -b**5/30 + b**4/24 + b**3/6 - b**2 + 565*b. What is g(3)?
-14
Let q(f) = 10*f + 78*f**2 - 23*f**2 - 18*f**2 - 38*f**2 - 22. Determine q(6).
2
Let u(m) = -3*m + 2. Let i be u(3). Let k be 24/14 - 2/i. Let r(a) = 4*a - k - 1 + a**2 + 0*a. Determine r(-4).
-3
Let j(u) = -9*u**3 + u. Let x(c) = 15*c - 14. Let i be x(4). Let n = i + -47. Determine j(n).
8
Let n(t) = t**2 + 7*t - 2. Let d(h) = -2*h**2 - 13*h + 4. Let o(w) = -6*d(w) - 11*n(w). Let c be (1 - 1)/(5 + -6). Determine o(c).
-2
Let f be 1/((3/1)/3). Let k(y) = -1 + 2*y - f + 5. Determine k(-4).
-5
Suppose 3*d = 3*q + 2*d + 19, -4*d - 43 = 5*q. Let s(v) = -5*v**2 + 5*v**3 - 2287 + 3*v - 8*v**3 + 2284 + 7*v + 2*v**3. Give s(q).
25
Let d(f) = -f**3 - 11*f**2 - 4*f + 7. Let s(g) = 2*g**3 + 23*g**2 + 8*g - 14. Let v(r) = -7*d(r) - 3*s(r). Calculate v(-7).
14
Let o be (-2 - 1) + -3 + 2. Let d(h) be the first derivative of h**3/3 + 3*h**2 + 6*h + 121. Calculate d(o).
-2
Let d(o) = -16810*o + 2 - 7*o**2 + 8404*o + o**3 + 8410*o. Give d(7).
30
Let l(s) = s**2 + 2*s. Let w(y) be the third derivative of -y**5/60 - 7*y**4/24 + 8*y**3/3 - 10*y**2. Let o be w(-9). Calculate l(o).
0
Let g(r) = 22*r**2 - 3*r + 5. Let j be g(2). Let w = -90 + j. Let z(h) = h + 5. What is z(w)?
2
Let b(l) = l**3 + 9*l**2 - l - 1. Let v(d) = d**3 - d**2 - d + 45. Let w be v(0). Suppose -8*y - 117 = -w. Determine b(y).
8
Let h(o) = -4*o**2 - 6*o + 1. Let l(j) = -j**2 - j - 1. Let u(q) = h(q) - 3*l(q). What is u(-5)?
-6
Let j(o) = -o**2 + 8*o + 36. Let z be j(11). Let y(q) = -6*q**3 + q**z - 8 + q**3 - 2*q + 3*q**3 + 7*q**2. Calculate y(6).
16
Let a(u) = u + 2. Let o be (-6)/(-33) + 9/((-594)/(-384)). Calculate a(o).
8
Let k(m) = 10*m**3 - 7*m**2 + 4*m. Let u(f) = -7*f**3 + 5*f**2 - 3*f. Let t(y) = 5*k(y) + 7*u(y). Let n(a) be the second derivative of t(a). What is n(-1)?
-6
Let u(m) = -m. Let w = -11 - -13. Let z be -2 + 2 + 4 - w. Let g be (10/4)/(z/4). Determine u(g).
-5
Let w(k) = 20*k**2 + 21*k + 16. Let d(o) = 4*o**2 + 4*o + 3. Let g(x) = -11*d(x) + 2*w(x). What is g(-3)?
-31
Let r = 26 - 16. Let v be ((-9)/(-5))/(2/r). Suppose -4*u + 4*z = 0, 5*z - v = 3*u - 1. Let i(q) = -q**3 + 4*q**2 - 2*q + 1. What is i(u)?
-7
Let v(i) be the second derivative of i**4/12 + 3*i**3/2 + 7*i**2/2 - 31*i + 1. Calculate v(-9).
7
Let a(m) = m**2 - 9*m - 3. Let h(o) = 4*o + 29. Let r be h(-5). What is a(r)?
-3
Let z be (-1 + 3 - 1) + -3. Let c(i) = i**3 - 2*i**2 - i + 2. Give c(z).
-12
Suppose 1842*q = 1846*q - 28. Let b(l) = -l**3 + 7*l**2 - l + 9. Give b(q).
2
Suppose 0 = 2*f + b - 0 - 4, 4*f - b + 4 = 0. Suppose 7*g - 11*g = f. Let z(y) = -5*y**3 - 19 + 20 + g*y**2 - y**3 + y - y**2. Give z(-1).
5
Let o(g) = 3*g**2 + 2*g + 7. Let z(p) = -13*p**2 - 9*p - 30. Let s(w) = 9*o(w) + 2*z(w). What is s(0)?
3
Let b(a) = -2*a**3 + 3*a**2 + 8*a - 13. Let n be b(2). Let d(y) = 10*y + 2. Give d(n).
-8
Let t be 10 + -3 - (2 + 2). Suppose -t*m - 1 = -13. Suppose 9 = b - 4*b - i, b + m*i - 8 = 0. Let c(h) = h. Determine c(b).
-4
Let a(g) = 2*g**3 + g**2 - 2*g + 3. Let c(u) = -u**2 - 5*u + 3. Let h be c(-5). Determine a(h).
60
Let v(y) = y**3 - 5*y**2 - 7*y + 3. Suppose 3*k - 12 = 0, -4*n + 2*k + 25 = 9. What is v(n)?
-3
Suppose -3*y + 2 - 17 = 0, 3*y + 11 = 4*x. Let w(l) = -5*l - 1. Let m be w(x). Suppose 4*g - 25 = -3*h - m, 3*h - 9 = 0. Let v(z) = -z + 1. Give v(g).
-2
Let i(m) be the second derivative of m**3/6 + m**2 - 82*m. Calculate i(0).
2
Let z(r) = -2*r**2 - 4*r - 11*r + r**3 + 4*r + 8*r + 5*r. Give z(0).
0
Let a(v) = -6*v + 3. Let y be (-5)/((-125)/35)*5. Suppose 9*c = y*c + 56. Let z = 30 - c. What is a(z)?
-9
Let u(r) be the third derivative of -r**4/4 + r**3 + 148*r**2 + 2. Calculate u(2).
-6
Let u(m) = 4104*m**2 + 1 - 4106*m**2 + 3*m - 2. Let p(f) = f**2 - 6*f - 5. Let c be p(7). Calculate u(c).
-3
Let q(h) = -h**2 + 11*h + 65. Let s be q(15). Let g(z) = -2*z + 4. Calculate g(s).
-6
Let q = -19 + 20. Let n be (2 - q - 4) + 3*-1. Let t(c) = -c**3 - 5*c**2 + 8*c + 2. Determine t(n).
-10
Suppose u = 4*u - 27. Let g(f) = f - f + f - u. Suppose -63*c + 74*c - 88 = 0. Determine g(c).
-1
Let c(i) = -i**3 - 3*i**2 - 38*i + 4. Let a(w) = 9*w. Let g(s) = 4*a(s) + c(s). What is g(-3)?
10
Let c(k) = 15*k - 2*k + 6 - 5*k - 9*k. Determine c(18).
-12
Let v(y) = -y**2 + 8*y - 4. Let z be v(7). Suppose -z*r + r - 10 = 0. Let t = r - -2. Let d(n) = n**2 + 4*n + 2. Give d(t).
-1
Let y(b) = -2*b**3 + 10*b**2 + 26*b - 17. Let o(a) = a**3 - 5*a**2 - 14*a + 9. Let k(i) = 11*o(i) + 6*y(i). Give k(5).
7
Let l(h) = -h**2 - 2*h + 23. Let s be l(-6). Let o(k) = -5*k**3 + 1. What is o(s)?
6
Let j be (-5)/(-2) - (-3)/(-6). Suppose 4*n + 3*k + 6 = 3, -5*n - 4*k - 5 = 0. Let m(r) = n*r + 0 + r**2 - r**3 - 1 + 0 - j*r. Calculate m(2).
-3
Let i(d) be the second derivative of -d**5/20 + d**4/3 + 2*d**3/3 - 5*d**2/2 + 331*d. Let b = 8 - 3. Calculate i(b).
-10
Let i = 951 - 954. Let y(a) = -5*a**3 - a**2 - 11*a - 16. Let l(g) = g**3 + 3*g + 4. Let w(m) = -9*l(m) - 2*y(m). What is w(i)?
2
Let w(r) = r**2 - 4. Let t be -2*(-1)/(-4)*-4. Suppose -4*y - 10 - t = 0. Determine w(y).
5
Let h(z) be the third derivative of z**4/24 - z**3/2 + 751*z**2. Suppose 5*i + 9 = -4*o, -i + o - 13 = -o. Give h(i).
-8
Let t(d) = -d**3 + d. Let x(u) = -u**3 + 6*u**2 + 4*u + 20. Let f be x(7). Calculate t(f).
0
Let f(j) be the first derivative of j**3/3 + 9*j**2/2 + 4*j - 20. Give f(-6).
-14
Let i(y) = -3*y + 43. Let r be i(13). Let o(j) be the third derivative of j**5/60 - j**4/24 - j**3/3 - 4*j**2. Determine o(r).
10
Let g be 8/6*(-6)/(-4). Suppose 0 = -3*q + g*q - 3. Let c(o) be the third derivative of o**4/8 + o**3/2 - 16*o**2. Give c(q).
-6
Let y(l) = 3*l - 1. Let t be y(-2). Let o(i) be the second derivative of -i**3/6 + 30*i. What is o(t)?
7
Let d(y) = -2*y**3 + 3*y**2 - 5*y + 3. Suppose 2*f - 10 = h, -4*f + 21 - 25 = 4*h. What is d(f)?
-39
Let t(q) = -12 + 8*q - 2*q + 6*q - 6*q. Give t(3).
6
Let v = -4 + 0. Let l = 29 - 3. Let s(x) = 17*x - 4 - l*x + 8*x. Calculate s(v).
0
Let n(s) be the third derivative of -s**4/2 - s**3/2 - s**2 + 65. Calculate n(-3).
33
Let j(f) = 5*f**2 + 10*f - 8. Let o(w) = 14*w**2 + 30*w - 25. Let a(t) = -11*j(t) + 4*o(t). Determine a(-12).
12
Suppose 5*p = 3*m - 20, -2*m + 5*m - 8 = 2*p. Let v(y) = -y**3 + 7*y**2 - 3*y + 2. Let j(w) = w**3 - 8*w**2 + 3*w - 2. Let c(k) = p*v(k) - 3*j(k). What is c(4)?
10
Let y(p) be the first derivative of p**5/24 - p**4/12 - 2*p**3/3 + 3. Let g(b) be the third derivative of y(b). Let l be 4/3 - 8/(-12). What is g(l)?
8
Let q(a) = -3*a**2 + 18*a - 15. Suppose -5*l + 13 = -72. Let k(x) = x**2 - 6*x + 5. Let n(m) = l*k(m) + 6*q(m). Suppose 38*y - 42*y + 20 = 0. Calculate n(y).
0
Let i(d) = 19*d - 2. Let x(h) = -54*h + 5. Let n(y) = 17*i(y) + 6*x(y). Determine n(5).
-9
Let u = 72 + -69. Let t(j) = -3*j**3 - 5*j**2 + 4*j + 3. Let s(d) = d**3 - 1. Let f(x) 